7609
What is the highest common factor of 2112 and 91839?
33
Calculate the highest common divisor of 107747345 and 59575.
11915
Calculate the highest common factor of 13262 and 3035602.
698
What is the greatest common factor of 414 and 766958?
46
What is the highest common factor of 10248 and 662424?
168
What is the greatest common divisor of 25645 and 19561560?
1115
What is the highest common divisor of 3119904 and 23?
23
Calculate the greatest common divisor of 14792 and 1398704.
344
Calculate the greatest common divisor of 663072827 and 1882.
941
What is the highest common factor of 93120 and 50052?
1164
Calculate the highest common divisor of 908524 and 5840.
4
Calculate the highest common factor of 2625856 and 3872.
32
Calculate the greatest common divisor of 249043 and 15519.
739
Calculate the greatest common factor of 105 and 18263490.
105
What is the greatest common divisor of 8286871 and 85?
17
Calculate the greatest common divisor of 14 and 1462086136.
14
What is the greatest common factor of 13776501 and 17877?
303
Calculate the greatest common factor of 7224252 and 952.
476
Calculate the highest common divisor of 14088513 and 2173.
53
What is the greatest common divisor of 20008 and 1525528?
328
What is the greatest common divisor of 622272 and 4130?
14
What is the greatest common divisor of 579391285 and 110?
55
Calculate the highest common divisor of 20 and 122758800.
20
Calculate the greatest common factor of 4937957 and 7367.
53
Calculate the highest common factor of 186 and 46933752.
186
Calculate the highest common divisor of 837661 and 204006.
3091
What is the highest common divisor of 1035008 and 2946112?
832
What is the highest common factor of 2523448 and 976?
488
Calculate the greatest common divisor of 22575 and 393366365.
1505
What is the greatest common divisor of 763 and 11587463?
109
What is the highest common divisor of 3101836 and 4076?
4076
What is the highest common divisor of 855 and 110154267?
171
What is the greatest common divisor of 4172 and 2430041?
149
Calculate the highest common divisor of 40654554 and 16460.
1646
What is the highest common factor of 41272 and 85316?
308
Calculate the highest common divisor of 31 and 9290049.
31
What is the highest common divisor of 37698 and 5877777?
183
What is the greatest common factor of 1483976 and 86365?
751
What is the highest common factor of 8449414 and 11438?
1634
Calculate the greatest common divisor of 348399 and 5391.
9
What is the highest common factor of 10683330 and 8400?
210
What is the highest common factor of 13979543 and 403?
31
Calculate the highest common divisor of 666471864 and 21096.
7032
Calculate the greatest common factor of 2298402 and 1728.
54
What is the highest common divisor of 145310682 and 66?
66
What is the greatest common factor of 2072 and 148257964?
148
Calculate the greatest common factor of 543 and 95756421.
543
What is the greatest common divisor of 474136 and 1692?
188
What is the highest common divisor of 450 and 1261555650?
450
Calculate the greatest common factor of 53 and 450100.
1
What is the highest common divisor of 1515737 and 14264666?
9299
Calculate the greatest common divisor of 484584 and 1769.
61
What is the highest common factor of 2111679 and 6990?
699
What is the highest common factor of 10136887 and 16420?
821
Calculate the greatest common divisor of 8027108 and 6244.
892
What is the highest common factor of 9811263 and 105?
21
Calculate the highest common divisor of 708 and 13045764.
12
Calculate the greatest common factor of 3462 and 3858.
6
Calculate the greatest common factor of 51873198 and 2028.
1014
Calculate the highest common factor of 360 and 21407805.
45
What is the greatest common factor of 945228 and 251922?
2082
What is the greatest common factor of 5401100 and 29400?
100
Calculate the highest common factor of 116566 and 220774.
334
Calculate the greatest common divisor of 44268 and 19924816.
2108
What is the highest common divisor of 151531 and 149?
1
What is the highest common divisor of 397665 and 5?
5
Calculate the highest common factor of 168506 and 9022.
26
What is the greatest common divisor of 41775013 and 12208?
763
What is the highest common factor of 41889482 and 103?
103
Calculate the highest common divisor of 3060 and 261742455.
765
What is the highest common divisor of 2294280 and 312?
24
What is the highest common factor of 25524005 and 12090?
2015
Calculate the highest common factor of 9874 and 8142.
2
What is the greatest common divisor of 5660 and 1474996?
1132
Calculate the greatest common factor of 951 and 83953963.
317
What is the greatest common factor of 402483488 and 32?
32
What is the greatest common factor of 16 and 479298288?
16
What is the greatest common divisor of 1860852 and 1428?
84
What is the highest common divisor of 3137598 and 162?
18
What is the greatest common divisor of 1133 and 2533564?
11
What is the greatest common divisor of 205317 and 32553?
9
Calculate the highest common factor of 24726828 and 6.
6
What is the greatest common factor of 7272 and 7982838?
1818
What is the highest common divisor of 19046194 and 148?
74
What is the highest common divisor of 4395726 and 5688?
18
Calculate the highest common divisor of 364630488 and 24.
24
What is the highest common factor of 3029 and 30173?
13
Calculate the greatest common divisor of 9805717 and 237.
79
Calculate the greatest common factor of 348675 and 1175.
25
What is the highest common divisor of 800 and 200848?
16
What is the highest common factor of 7426 and 857094068?
7426
What is the highest common divisor of 65325 and 846947?
67
Calculate the highest common divisor of 1444 and 221653639.
361
Calculate the highest common factor of 498 and 83473017.
249
Calculate the highest common divisor of 2098 and 3198818502.
2098
What is the greatest common divisor of 78 and 359471346?
78
What is the highest common factor of 1178 and 409298?
38
Calculate the greatest common divisor of 14 and 92309.
7
Calculate the greatest common factor of 1195 and 21128795.
1195
What is the highest common factor of 1246 and 79605071?
623
What is the greatest common divisor of 369758700 and 457?
457
Calculate the highest common factor of 572 and 38007827.
143
Calculate the highest common factor of 14773 and 188342.
11
What is the highest common factor of 965342 and 28?
14
What is the highest common divisor of 7733 and 570361?
209
What is the greatest common divisor of 66708 and 2441382?
654
Calculate the highest common divisor of 25858 and 47782.
14
Calculate the greatest common divisor of 117711 and 23331.
33
Calculate the greatest common factor of 27054 and 18967860.
3006
What is the highest common divisor of 9974832 and 480?
48
Calculate the highest common factor of 540 and 659580.
60
What is the greatest common divisor of 32691910 and 1940?
970
What is the highest common divisor of 2160 and 3211731?
27
What is the greatest common factor of 122688 and 10664768?
4544
What is the highest common factor of 32708 and 7730632?
1924
What is the greatest common factor of 4625040 and 83760?
240
What is the greatest common factor of 129958 and 2711380?
362
What is the greatest common factor of 5600 and 2275616?
224
What is the greatest common divisor of 6738465 and 108309?
1371
What is the highest common factor of 990 and 2687570?
10
Calculate the greatest common factor of 64079505 and 87318.
3969
Calculate the highest common divisor of 540673 and 35.
7
What is the greatest common divisor of 122094 and 46018?
266
What is the greatest common divisor of 999190350 and 1350?
1350
What is the highest common divisor of 97067 and 1988461?
113
Calculate the greatest common divisor of 156 and 620509812.
156
What is the highest common divisor of 4851421792 and 118?
118
What is the greatest common divisor of 666 and 19880298?
18
What is the greatest common factor of 72372 and 22926?
6
What is the highest common divisor of 23877 and 7302951?
3411
Calculate the greatest common factor of 5900 and 31233715.
295
What is the highest common divisor of 132978510 and 252?
126
What is the highest common factor of 204 and 20070438?
102
Calculate the greatest common factor of 6 and 186222567.
3
Calculate the highest common divisor of 1050 and 292143.
3
